 in base 6?
112104431
-513a57 (base 14) to base 15
-391305
-20136043 (base 7) to base 16
-1987e1
-28743 (base 16) to base 10
-165699
-11443132 (base 5) to base 8
-325157
Convert -108696 (base 14) to base 9.
-1044586
7640 (base 10) to base 12
4508
Convert 136585 (base 9) to base 11.
5788a
Convert 615147 (base 8) to base 5.
23001432
1a103b (base 14) to base 15
134021
-4837a (base 11) to base 8
-210036
What is 274154 (base 8) in base 11?
66444
Convert -26362532 (base 7) to base 9.
-4485822
-21244400 (base 5) to base 12
-88a61
-111010101001111110000 (base 2) to base 16
-1d53f0
-2110102203 (base 4) to base 12
-253603
Convert 4b8d38 (base 14) to base 10.
2598422
Convert -1876492 (base 10) to base 4.
-13022020030
-20461b (base 13) to base 11
-474331
2010101002 (base 4) to base 8
2042102
What is 435142 (base 7) in base 13?
28906
44a34 (base 15) to base 14
597ab
Convert -399967 (base 11) to base 2.
-10011001010101011111
What is -130130312 (base 4) in base 7?
-663515
What is 3120132220 (base 4) in base 8?
3303650
What is 1147a8 (base 11) in base 8?
543335
-909c4d (base 15) to base 8
-32145103
-10514 (base 10) to base 12
-6102
What is -42615660 (base 7) in base 12?
-1273550
What is -66405 (base 11) in base 14?
-27161
What is 294cb (base 16) in base 9?
277038
What is 220213132 (base 4) in base 2?
101000100111011110
Convert 40961 (base 13) to base 9.
185815
What is -111232122100 (base 4) in base 16?
-56e690
What is 1611315 (base 8) in base 16?
712cd
Convert 69646 (base 14) to base 7.
2115416
What is -ac1c15 (base 14) in base 13?
-12981c2
-a339b (base 13) to base 8
-1073744
12d72 (base 15) to base 3
10001212022
-163283 (base 10) to base 2
-100111110111010011
-13a8ab (base 12) to base 9
-552115
Convert 734181 (base 9) to base 16.
6a780
What is -1811548 (base 9) in base 13?
-295583
Convert -10067113 (base 8) to base 4.
-20012321023
-232bad (base 14) to base 6
-41405301
Convert -5aa648 (base 14) to base 8.
-13652410
Convert 71260722 (base 8) to base 9.
31252085
Convert 46606a (base 15) to base 5.
1330032400
Convert -1406144 (base 9) to base 8.
-2744044
What is -16ea7 (base 16) in base 13?
-33953
12332405 (base 6) to base 14
a6221
17b6677 (base 13) to base 6
434111353
486a2 (base 11) to base 2
10001000110100010
Convert -111000010100011110100111 (base 2) to base 10.
-14763943
-29104 (base 12) to base 3
-2220102111
What is 650436 (base 8) in base 6?
4354210
Convert 391d (base 15) to base 10.
12178
What is -212211221110 (base 3) in base 4?
-1302212322
Convert -1803033 (base 12) to base 11.
-28a2a47
Convert 20314032 (base 5) to base 4.
220231233
What is -bb681 (base 12) in base 6?
-5152241
Convert 277e3 (base 15) to base 4.
132323013
-2257786 (base 12) to base 4
-121020002112
Convert 1200632 (base 7) to base 11.
a3980
Convert -34314534 (base 6) to base 7.
-11641261
-252045 (base 12) to base 2
-10010011101010110101
-85680 (base 9) to base 8
-156563
143010000 (base 6) to base 2
1011001101111011010000
140132033 (base 5) to base 7
6010200
What is -1483ba0 (base 13) in base 8?
-30767071
2031440 (base 7) to base 14
64820
What is -35998 (base 13) in base 7?
-556426
Convert 9a460 (base 11) to base 6.
3042113
-110100000010100000 (base 2) to base 12
-a3428
Convert 8907a (base 11) to base 9.
216188
Convert -4021242 (base 7) to base 9.
-804683
Convert 64501 (base 11) to base 16.
16e50
2966544 (base 10) to base 13
7cb369
What is -4745bd (base 15) in base 5?
-1333003203
What is -12d6005 (base 14) in base 13?
-1b747a1
What is 133425 (base 7) in base 15?
7739
2402176 (base 9) to base 8
4754316
282b46 (base 12) to base 13
1a5464
214401222 (base 5) to base 7
10641446
2164627 (base 8) to base 10
584087
What is -5766546 (base 8) in base 6?
-53335422
What is -8b3432 (base 13) in base 16?
-323aaf
What is -1410243310 (base 5) in base 10?
-3602955
What is 22543 (base 10) in base 16?
580f
-5f4f (base 16) to base 10
-24399
-20222320333 (base 4) to base 11
-1312680
-5011333 (base 6) to base 11
-150555
Convert -95074 (base 11) to base 12.
-681a1
10012121 (base 4) to base 8
40631
-a37491 (base 11) to base 14
-314770
What is -10011001100110001010101 (base 2) in base 14?
-9502b3
2256a (base 16) to base 8
422552
5656114 (base 8) to base 9
2783062
Convert -20020212001 (base 3) to base 9.
-206761
Convert 208c (base 13) to base 11.
3430
What is -2010011111011 (base 3) in base 5?
-242001302
What is 22012200100 (base 3) in base 12?
79630
What is 235635 (base 9) in base 7?
1130555
Convert 2368699 (base 10) to base 3.
11110100020121
Convert -6a093 (base 11) to base 2.
-11000101110001010
Convert -102775 (base 12) to base 7.
-2103506
Convert 4c5c6 (base 14) to base 11.
119069
Convert 336092 (base 12) to base 14.
174770
What is 16a55a (base 12) in base 14?
a2874
What is -649145 (base 10) in base 7?
-5342360
-31001033 (base 4) to base 12
-26a3b
Convert -30010055 (base 7) to base 10.
-2473070
Convert -1847523 (base 10) to base 15.
-267633
5311455 (base 6) to base 4
333003323
What is 10100010010111011 (base 2) in base 11?
57504
1b856 (base 16) to base 7
646435
What is -6a579 (base 11) in base 6?
-2103303
-2000213121 (base 4) to base 7
-4322613
Convert -1027b62 (base 13) to base 7.
-56442233
What is -4231334 (base 5) in base 2?
-10001010010111100
-12102120100210 (base 3) to base 11
-16a0532
Convert 1bb9a (base 14) to base 10.
70892
-1110122220011 (base 3) to base 8
-2764612
Convert -29a238c (base 13) to base 11.
-7554975
-693963 (base 12) to base 8
-6335233
Convert -5a8533 (base 13) to base 3.
-11001202200221
What is -453728 (base 9) in base 3?
-111210210222
Convert -1c4c91 (base 13) to base 12.
-2ab653
Convert -145656033 (base 7) to base 8.
-45172543
Convert 133310322 (base 5) to base 7.
5540141
bcda6 (base 15) to base 3
1010111200010
1440660 (base 8) to base 3
202211110101
What is 143697 (base 14) in base 11?
43976a
Convert 2478735 (base 10) to base 7.
30032430
-1594901 (base 10) to base 3
-10000000210102
What is -aa2340 (base 11) in base 16?
-1adaf5
-123480 (base 11) to base 10
-194898
664407 (base 8) to base 2
110110100100000111
Convert 1d9294 (base 16) to base 8.
7311224
What is fdbf11 (base 16) in base 5?
13224121041
-2445342 (base 6) to base 14
-3595c
-35160 (base 8) to base 10
-14960
68081 (base 14) to base 2
111101101010010001
-56b54 (base 15) to base 8
-1032731
Convert -678b3c (base 16) to base 14.
-c88d9a
Convert -101001110110101 (base 2) to base 13.
-99a5
-1430524 (base 7) to base 15
-3becd
Convert 105475 (base 8) to base 14.
cdc1
What is 12222222211122 (base 3) in base 16?
30a730
What is -24305150 (base 6) in base 3?
-1110011120110
What is -1568715 (base 9) in base 3?
-1122022210112
Convert -133463 (base 7) to base 9.
-37608
-2a9db (base 15) to base 7
-1111043
-2580594 (base 10) to base 13
-6c47a3
Convert 554162 (base 7) to base 12.
48515
Convert -981a6 (base 16) to base 10.
-623014
What is -64614023 (base 7) in base 3?
-101101021012022
What is 90d3 (base 16) in base 6?
443351
What is 396119 (base 13) in base 4?
11101331231
Convert 210021020020 (base 3) to base 11.
266569
-42b95 (base 12) to base 4
-111200201
4780b60 (base 12) to base 16
d36278
What is 11001001111011110110 (base 2) in base 10?
827126
What is 2054031 (base 7) in base 6?
5155213
What is -3b8bb7 (base 13) in base 12?
-599903
-17cd (base 15) to base 6
-35451
What is a3937a (base 11) in base 13?
464912
Convert 651c97 (base 14) to base 13.
92b7b1
What is -332220312030 (base 4) in base 15?
-16953c6
Convert -110022101200111 (base 3) to base 2.
-11000111101010011010001
What is 230212232 (base 4) in base 9?
307552
11a426 (base 12) to base 9
477273
Convert -123247 (base 9) to base 8.
-221503
Convert -22221022022 (base 3) to base 15.
-371c8
Convert -3687b (base 12) to base 13.
-277a9
4752751 (base 11) to base 8
37500103
Convert 53621 (base 14) to base 8.
611455
What is -6058812 (base 10) in base 2?
-10111000111001100111100
109980 (base 11) to base 6
3422303
What is 11135410 (base 6) in base 4?
1102320132
What is 4b08ab7 (base 12) in base 11?
8328767
Convert 8360 (base 9) to base 5.
144004
What is 275955 (base 16) in base 6?
131134433
77257 (base 9) to base 13
1a42b
-23e4b (base 16) to base 15
-2d864
Convert -22222221100 (base 3) to base 2.
-101011001111001110
10001100110100001 (base 2) to base 13
26a7c
102012310221 (base 4) to base 12
17